et m(w) = 13*w**2 - w**3 - 8 - 21*w**2 + 21*w + 19*w - 49*w. What is m(-6)?
-26
Let d(v) be the third derivative of -2*v**6/15 - v**5/30 - v**4/12 - v**3/6 + 647*v**2. Suppose -s - 2 = -1. Determine d(s).
15
Let w = -26 + 26. Let c(h) = 0*h**2 + 276 - h**2 - h**3 - h - 295. Determine c(w).
-19
Let q be (-3*2)/(-1*1). Let j(c) = 14*c - 12. Let s(r) = -11*r + 11. Let p(m) = -3*j(m) - 4*s(m). Give p(q).
4
Let c(o) = 49 - 96 + 57 + o - 3*o. Determine c(8).
-6
Let k be (2/3 + 1)*3. Let l(a) be the second derivative of a**5/20 - a**4/3 - a**3/6 + a**2 + 271*a. What is l(k)?
22
Let p(j) be the second derivative of j**5/20 + j**4/12 + 3*j**2/2 + 77*j. Calculate p(0).
3
Let f(u) = 2*u - 2. Suppose -o - 4*o = -90. Let l = -16 + o. Let j = 2 + l. What is f(j)?
6
Let c be (-1)/(2/6) - -6. Suppose c*o - 11 - 1 = 0. Let j(g) = 3*g - 4 - 1 + o + 5. Determine j(-5).
-11
Let d(t) be the third derivative of -t**5/60 - 17*t**4/24 - 17*t**3/6 - 2*t**2 + 35. Determine d(-16).
-1
Let d(a) = a**3 + a**2 + 3*a + 5. Suppose 2*h + 6 = -h. Let g be d(h). Let z(f) = f**3 + 5*f**2 - f - 2. Determine z(g).
3
Let s(m) = m**2 - 5*m - 9. Let z be s(6). Let a be ((-1)/(-2))/((-7)/(-28)). Let f(x) = 18 + x**a - x - 22 + 3*x. Calculate f(z).
-1
Let u(y) = y**2 + 3*y - 4. Suppose 7*o + 10 = 12*o. Let r be (-2)/(4 + (-7)/o). Give u(r).
0
Let p(n) = -3*n**3 + 13*n**2 + 29*n + 21. Let g(m) = 5*m**3 - 12*m**2 - 30*m - 23. Let x(k) = -2*g(k) - 3*p(k). Determine x(-13).
-4
Suppose -103*f + 97*f = -12. Let d(i) = -9 - 3*i**3 - 6*i**f - 3*i**3 + 5*i**3 + 8*i + 5. Calculate d(-7).
-11
Let l(f) = -2*f**3 - 12*f**2 - 21*f - 63. Let u be l(-5). Let c(x) = -x**3 - 9*x**2 - 8*x - 10. Determine c(u).
-10
Let j(v) = 3*v**2 - 3*v - 3. Let z be 1/3 - (0 + 11/(-3)). Suppose 4*s - z = 5*k - 8*k, -16 = s + 5*k. What is j(s)?
33
Let i(g) = 4*g + 5. Let t(u) = -5*u - 6. Let m(k) = -6*i(k) - 5*t(k). Let r(z) = -3*z. Let n(v) = m(v) + r(v). What is n(-1)?
2
Let q(s) = -s**3 + s**2 + 1. Let d(u) be the first derivative of u**3 + u**2/2 + 12. Let m(p) = -d(p) + q(p). Calculate m(-2).
3
Let r(m) = 109*m - 18 + 108*m - 215*m. Let t be r(9). Let z(f) = f - 8. Calculate z(t).
-8
Let h(k) = -2*k**3 + k**3 - 2 + 2*k**3 + 5*k + 7*k**2. Suppose -3*s + 32 = -2*p, -2*p + 5*p + 4*s - 20 = 0. Calculate h(p).
26
Suppose -m - 2*m + 29 = -5*j, 0 = -3*j - m - 9. Let b(h) = h**2 + 6 + 0*h**2 - 3. Determine b(j).
19
Let v(d) = 5*d**2 - 7*d + 1. Let z(w) = w**2 - 1. Let s(u) = -v(u) + 4*z(u). Let o = -10 - -12. Let g = o + 5. What is s(g)?
-5
Suppose -7 = 6*b - 1. Let d(j) be the second derivative of -5*j**4/6 - j**3/6 + 15*j. What is d(b)?
-9
Let x = -1475 + 1453. Let b(h) = -h - 34. Give b(x).
-12
Suppose -2*z - z = -i - 7, 3*i - 49 = -5*z. Let v(g) be the third derivative of -g**6/120 + 2*g**5/15 + g**4/12 - 4*g**3/3 - 62*g**2 + 1. Calculate v(i).
8
Let u(d) = 10*d + 66. Let y(q) = -q - 6. Let k(v) = -u(v) - 12*y(v). What is k(0)?
6
Let a = 5 - 3. Let i be (-6)/4 - (-21)/a. Let r(p) = 3 - 2*p - i + 7 + p**2. Determine r(4).
9
Let k(b) be the second derivative of b**3/3 + 2*b**2 + b. Let y(a) = 13*a - 526. Let z be y(40). What is k(z)?
-8
Suppose 3*i - 8 = -i. Let j(c) = -4*c**i + c + 6*c**2 - 5*c. Let z(h) = 4*h**3 + h**2 - 3*h + 1. Let f be z(1). Determine j(f).
6
Let y(s) = s**2. Let f(r) = 2*r**2 - 5*r - 4. Let d(u) = f(u) - 3*y(u). Determine d(-6).
-10
Let z(y) be the third derivative of -y**5/60 + 3*y**4/8 - 7*y**3/6 + y**2. Let m(a) = -a**3 + 2*a**2 + 9*a + 5. Let k be m(5). Let b = k - -31. What is z(b)?
11
Let p be -12 + 1 + (-3 - 1). Let q = -11 - p. Let y(s) = 5*s**3 + 25*s**2 + 9. Let f(d) = d**3 + 6*d**2 + 2. Let v(c) = 9*f(c) - 2*y(c). Give v(q).
0
Let u be 6/15*(9 + -4). Let c(j) = 2*j - 2 - 10*j**2 + j**3 + 5*j**u + j. Calculate c(4).
-6
Let u be (2/(6/(-9)))/(-1 + 0). Let q(p) = -62 + u*p + 49 - 2*p. Let c = -4 + 4. Calculate q(c).
-13
Suppose -7*x + 2*x + v = -12, 0 = x - 5*v + 12. Let h(c) = -2*c + 5. Determine h(x).
-1
Let v be (-8)/(-32) - (-9)/12*1. Let i(x) = 6*x**2 - x + 2. Let a be i(v). Let s(b) = b**3 - 6*b**2 - 6*b - 1. Determine s(a).
6
Let h(f) be the first derivative of f**2/2 - 9*f + 26. Calculate h(7).
-2
Let c(t) = -t + 3. Let g(o) = -o - 6. Suppose 5*h - 2*w = -3*w - 47, -4*w = -3*h - 42. Let z be g(h). Give c(z).
-1
Let y = -313 + 313. Let k(x) be the third derivative of y + 1/6*x**3 + x**2 + 1/24*x**4 + 0*x + 1/60*x**5. What is k(0)?
1
Let m(g) = -4*g + 5. Let f(w) = 3*w - 29. Suppose 12 = 2*r + 4*a - 2*a, -4*a - 75 = -5*r. Let v be f(r). Determine m(v).
-11
Let c(j) be the second derivative of j**7/840 - j**6/60 + j**5/30 - j**4/12 + 7*j**3/6 - j - 9. Let q(y) be the second derivative of c(y). Give q(5).
-7
Let b(q) = -q**2 + 13*q - 9. Let p be b(12). Let f = p + 3. Let t(i) = i**2 - 6*i - 4. Give t(f).
-4
Let z(s) = -13*s**2 - s. Suppose 1 = 9*p - 17. Suppose 0 = -8*v + 10*v - p. Calculate z(v).
-14
Let c(f) = -f + 6. Let a(k) = -k**3 + 17*k**2 + 17*k + 12. Let m be a(18). Determine c(m).
12
Suppose -1 = d, 6*d + 28 = 5*u + 3*d. Suppose -5*l = -2*v - 6, 4 + 4 = -l + u*v. Let k(s) = -3*s**l + 13*s - 1 + 1 - 10*s. Determine k(2).
-6
Let t(z) = 3*z**3 + 39*z**2 - 9*z + 9. Let j(p) = -6*p**2 + p - 1. Let a(l) = 6*j(l) + t(l). Determine a(2).
33
Let u(o) = -60*o + 0 + 125*o - 64*o - 1. Suppose -4*m = -5*v + 15, -6*m + m - 4*v = -12. Give u(m).
-1
Let p(b) = -b**2 + 5*b. Let z be p(4). Let a(m) = -4*m**3 - 5*m**2 + 7*m + 1. Let l(r) = -3*r - r**3 + 3*r + r. Let g(y) = a(y) - 5*l(y). Calculate g(z).
-7
Suppose -2*s - 3 = -5*s. Let k(z) = -5 + 4 - 9*z**2 - 11*z**2 - z + 17*z**2 + 2. What is k(s)?
-3
Let l(q) = -q**2 + 10*q - 8. Let y be 33*(833/(-77) - -11). Give l(y).
16
Suppose -5*n + 270 = -3*m, 0 = -4*n - m + 119 + 80. Suppose -f = 2*f + n. Let w = f + 10. Let h(p) = p**2 + 7*p - 5. Give h(w).
-5
Let x(k) be the third derivative of -k**6/120 + 3*k**5/20 + 7*k**4/8 + 11*k**3/6 + k**2 + 123. Calculate x(11).
0
Let a(t) be the first derivative of -t**2 + t - 2. Let l(i) = i + 12. Let h be l(-5). Suppose p = h*p - 30. Calculate a(p).
-9
Let j be -1 + (-1 - -1) + 1. Let u(s) = 3*s + 15. Let y(p) be the first derivative of -p**2/2 + p + 50. Let r(b) = -u(b) - 2*y(b). What is r(j)?
-17
Suppose -3*i + 7 + 2 = 0. Suppose -2 = -5*l + i. Let v(s) = -s**2 + 2*s. Calculate v(l).
1
Suppose 0*w = 7*w - 0*w. Let y(i) = 0*i - 5 + 3*i + w. Give y(-4).
-17
Let h(d) = -d**3 - 10*d**2 - d - 12. Let a(j) = 19*j + 44. Let l be a(-8). Let y = 98 + l. Give h(y).
-2
Let x(y) = -3*y**2 - y - 12*y**2 - y**2 - 16*y**2. Calculate x(1).
-33
Let f(s) = 2*s**2 + 212*s - 209*s + s**2 - 2*s**2 - 1. Calculate f(3).
17
Suppose 2*n = -4*a + 2 - 0, -3*n - 5 = -2*a. Let t be n*7*6/7*-1. Let d(r) = -r**3 + 5*r**2 + 7*r. Calculate d(t).
6
Let s(m) = 84*m - 145*m - 5 + m**2 + 72*m. Calculate s(-5).
-35
Let n(u) = 5119*u + 5119*u - 10241*u + 10. Give n(9).
-17
Let s(n) = -6*n - 15991 + 3*n + 15993. Let u be (-5 - 2/(-2)) + 2. Determine s(u).
8
Let y(q) be the third derivative of q**2 + 1/24*q**4 + 0*q + 0 + 0*q**3. Let g(s) = 3*s**2 + s. Let l be g(1). Give y(l).
4
Let n(g) be the second derivative of g**3/6 + 5*g**2 + 60*g - 1. Calculate n(-10).
0
Suppose 3*y - 5*i + i = 13, 5 = 2*y + i. Let m(o) = -o**2 + o - 1. Determine m(y).
-7
Let q(j) = -3*j**3 + 6*j**2 - 2*j + 11. Let n(w) = 4*w**3 - 6*w**2 + w - 11. Let o(k) = -4*n(k) - 5*q(k). Give o(-7).
-4
Let h(n) = -3*n**2 - 4*n - 3. Let m be (-129)/(-6) - 1/2. Suppose -o - 2*o = -3*g - 84, -3*o = 2*g + 31. Let x = g + m. What is h(x)?
-7
Let w(d) = 2*d + 14. Let n be w(-5). Suppose -5*k = -n*k. Let x(z) = -z**2 + z + 3. Calculate x(k).
3
Suppose 58*w = -0*w + 348. Let x(c) = -c. Determine x(w).
-6
Suppose -3*k - k - 16 = 0. Let y(u) = u**3 + u - 1. Let b(c) = -4 + 7*c**3 - 3*c**3 + 4*c + 4*c**2 - c. Let l(x) = b(x) - 3*y(x). Calculate l(k).
-1
Let n = -132 + 130. Let z(o) = 2*o - 1. Calculate z(n).
-5
Let t(v) = 4*v - 1. Let k(b) = -8*b + 2. Let i(s) = 4*k(s) + 9*t(s). Let g be i(4). Let y be (-18)/(-24) + g/(-4). Let u(h) = 4*h + 2. Determine u(y).
-10
Let g(t) = -27*t**3 - 7*t**2 + 3*t**2 - 2*t - 9*t**2 + 15*t**2 + 1. What is g(1)?
-26
Let s(k) = -k**3 + 7 + 368*k - 365*k - 3*k**2 - 4. What is s(-3)?
-6
Let t = 524 + -519. Let i(k) = k**3 + 2 - 2 - 6*k**2 - 3*k + 6*k. Give i(t